actors of m(19)?
647
Let n be (-4 - -5)*((0 - -5) + 0). Suppose -n*x = -x - 2064. Suppose -4*h + 0*h = 4*q - 408, -5*h - 3*q = -x. What are the prime factors of h?
3, 5, 7
Let u(g) = 238*g - 54. Let r be u(2). Let i = 569 + r. What are the prime factors of i?
991
Suppose 0 = -75*y + 245733 + 430692. List the prime factors of y.
29, 311
Let v(y) be the second derivative of -y**3/2 + 9*y**2/2 + 21*y. Let s be v(3). Suppose s = -o + 4, -3*p = 2*o + 133 - 396. List the prime factors of p.
5, 17
Let b(c) = 6*c**2 + 49*c - 434. What are the prime factors of b(21)?
7, 463
Suppose 128 = 5*j + 18. Suppose 0 = n - 3*s, -2*n + j = -0*n + 5*s. Suppose 4*q - 400 = -n*q. What are the prime factors of q?
2, 5
Let q(p) = -2*p**3 - 4*p**2 - 9*p + 27. Let u(j) = -3*j**3 - 6*j**2 - 11*j + 26. Let x(n) = 4*q(n) - 3*u(n). List the prime factors of x(6).
2, 3, 5
Let j = 1700 + -1026. Suppose -456 = -10*t + j. List the prime factors of t.
113
Suppose 0 = 2*h + 4*r - 100, 4*r + 139 = 3*h - r. Let f = h - 45. Suppose -470 = -5*b + f*t, -3*b - 3*t - 2*t + 282 = 0. What are the prime factors of b?
2, 47
Suppose 2*d - 27 = -11. Suppose 2*y - d = -4. Suppose 2*m = 0, 0 = y*z + 2*m - 148 + 20. List the prime factors of z.
2
Let b be (8/(-8))/((-4)/316). Let l = 169 - b. List the prime factors of l.
2, 3, 5
Let m = -309 - -350. Let t = 433 - m. What are the prime factors of t?
2, 7
Let k(s) = -s**3 + s + 28. Let l be k(0). Let t be ((l/5)/1)/((-90)/(-1575)). Let x = -42 + t. List the prime factors of x.
2, 7
Let u = 7994 - 1637. What are the prime factors of u?
3, 13, 163
Let o(g) = -g**2 + 17*g + 3. Let z(w) = 2*w**2 - 35*w - 6. Let r(b) = -9*o(b) - 4*z(b). Let u be r(-3). List the prime factors of 4 + (u - -2)/1.
3, 17
Let r be 300/175 + ((-6)/(-21) - 0). Suppose -5257 = -3*w - 4*g, r*w - 3437 = -3*g + 67. What are the prime factors of w?
3, 5, 13
Suppose -13*k + 42270 + 78314 = -154106. What are the prime factors of k?
2, 5, 2113
Suppose -4*k + 982 + 5639 = 3*v, -8280 = -5*k - 5*v. What are the prime factors of k?
3, 19, 29
Let l be ((-25)/(-10))/(2*(-3)/(-12)). Suppose 4*j - 298 = -l*f + 2172, -4*j = 3*f - 2466. List the prime factors of j.
3, 5, 41
Let v be 1 + 135 - (-10)/(-5). Let y(f) = 38*f - 3. Let o be y(-1). Let a = v + o. What are the prime factors of a?
3, 31
Suppose 171*v - 188*v = -21505. List the prime factors of v.
5, 11, 23
Let s(y) = 6*y**2 + 15*y + 39. List the prime factors of s(15).
2, 3, 269
Suppose -7*s + 3*s = -5*l - 1616, 834 = 2*s + 4*l. Let q = 667 - s. List the prime factors of q.
2, 3, 43
Suppose 3*r + 0*r - 75 = 3*p, 0 = 4*r - p - 97. Let i = 128 - r. Suppose -2*w + 2*h = -i, 0 = 5*w - 2*h - 377 + 123. List the prime factors of w.
2, 5
Let n(z) = -1577*z**3 + 8*z**2 + 5*z + 1. What are the prime factors of n(-1)?
3, 17, 31
Suppose -3*q + 12233 = 5*w + 819, -5*q - 11350 = -5*w. List the prime factors of w.
2, 17, 67
Let k(h) = -h**3 + 23*h**2 - 22*h + 354. List the prime factors of k(-18).
2, 3, 2339
Suppose -g - 52 = -44. Let k(b) = 9 - 2*b - 6*b - 5 + 13. List the prime factors of k(g).
3
Let i(q) = -31*q - 9. Let w be i(5). Let n = w - -361. What are the prime factors of n?
197
Let l(a) = -a**3 - a**2 - 3*a - 5. Let b be l(-2). Suppose k = w + 129, -2*w - b = -15. Suppose 2*m = -z + 268, 0*z = m + 4*z - k. List the prime factors of m.
2, 67
Let l = 548 + -103. Let b be -4 - -9*10/10. Suppose -l - b = -5*t. What are the prime factors of t?
2, 3, 5
Let q(z) = 11*z**3 - 3*z**2 - 19*z + 16. Let r(u) = 9*u**3 - 2*u**2 - 18*u + 16. Let v(p) = 5*q(p) - 6*r(p). List the prime factors of v(9).
587
Suppose -5*c = 2*a - 44 - 15, 3*a = c - 22. Let f(j) = 60*j - 99. List the prime factors of f(c).
3, 227
Let v = 63 - 59. Let c(z) = -z**3 - 11*z**2 - 10*z + 11. Let k be c(-10). Suppose k + 19 = x - v*l, 188 = 5*x - l. List the prime factors of x.
2, 19
Suppose 9*n - 58 = 7097. Suppose -3 = -6*f + n. What are the prime factors of f?
7, 19
Let z(g) = 21*g - 10. Suppose 0 = -3*j + 4 + 62. List the prime factors of z(j).
2, 113
Suppose -4*x - 2*f = -20659 - 9935, -3*x = f - 22946. List the prime factors of x.
7649
Let w = -5953 - -21337. What are the prime factors of w?
2, 3, 641
Let o be 6/24*12344/2. Suppose 4*z = 2*h - 1464, -z - 1350 = -4*h + o. Suppose 0 = 10*w - h - 248. List the prime factors of w.
97
Let a(n) = 42*n + 1. Let x be a(5). Suppose -s - 131 = -5*w, 0 = -5*s - 0*s - 3*w - 571. Let t = x + s. List the prime factors of t.
5, 19
Let p be 50/30 - (-5)/(-3). Suppose 5*h + 4 + 1 = p. What are the prime factors of (-49)/(h/2*1)?
2, 7
Suppose -9*c + 5*c - 4*d = -41016, 5*c = -2*d + 51252. What are the prime factors of c?
2, 3, 7, 61
Let i = -88 - -799. Let k = -640 + i. What are the prime factors of k?
71
Let i = 5649 - -2751. List the prime factors of i.
2, 3, 5, 7
Let o(w) = 2*w**2 + 71*w - 262. What are the prime factors of o(57)?
7, 13, 113
Let h = -27 + 7. Let f = h + 269. Suppose -11*y - f = -2196. What are the prime factors of y?
3, 59
Let w = 11192 - 7589. What are the prime factors of w?
3, 1201
Suppose -i - 2*m = -38, 4*i = 31*m - 28*m + 163. Suppose 1428 = i*k - 37*k. List the prime factors of k.
2, 7, 17
Let u = 18 + -11. Suppose 12*n - u*n + 15 = 0. Let l(z) = -6*z - 7. List the prime factors of l(n).
11
Let b(p) = -5 + 12*p + 1 - 16 + 3. Let k be b(2). Suppose 153 - 1336 = -k*s. What are the prime factors of s?
13
Let t(v) = v**3 + 40*v**2 - 83*v + 44. Let p be t(-42). Suppose 3*l - 770 = -17*i + 16*i, -1539 = -p*i - 5*l. What are the prime factors of i?
13, 59
Let u(s) = 451*s - 210. What are the prime factors of u(5)?
5, 409
List the prime factors of (356368/(-12))/(-4*3/9).
22273
Let w(t) be the first derivative of 31*t**3/3 - t**2 - 6*t - 11. List the prime factors of w(-3).
3, 31
Suppose 5*l - 10 = 0, 44*b - 46*b + 72532 = 4*l. What are the prime factors of b?
2, 18131
Let j = -10944 - -22937. Suppose -28*p + 8867 + j = 0. List the prime factors of p.
5, 149
Let y = -15141 + 46766. List the prime factors of y.
5, 11, 23
Let i(f) = -f**2 - 12*f + 9. Let z be i(-11). Let g = 65 - 69. List the prime factors of (2 - (-411)/(-15))*z/g.
127
Suppose 3677 + 1963 = 4*m. Let i be 6/(-4) + -3 + m/4. Suppose 3*s + s = -4*l + 464, l + i = 3*s. List the prime factors of s.
2, 29
Let q(u) = -2*u**2 - 25*u + 1501. What are the prime factors of q(0)?
19, 79
Let z = 62 - 61. Let y be 0 - 3 - (z - (0 - -82)). Suppose 4*d - 661 = -5*t, -t + 71 = 5*d - y. What are the prime factors of t?
3, 43
What are the prime factors of 15196/12 - ((-4)/26 + 38/78)?
2, 3, 211
Let s(h) = -4*h - 4. Let f be (-2)/4 - (4 - 7/2). Let x be s(f). Suppose -3*b + 2*b + 44 = x. List the prime factors of b.
2, 11
Let s(w) = 6213*w**2 - 4*w - 4. Let d be s(-2). Suppose 19*k + 4906 = d. What are the prime factors of k?
2, 3, 5, 7
Suppose 7*j = 3*j + r + 73, -92 = -5*j + r. Suppose 0 = -7*t + 128 + j. List the prime factors of t.
3, 7
Let l(b) = 117*b + 662. What are the prime factors of l(51)?
7, 947
Suppose -3*m + 37 = -2*q, 31*q + 121 = 26*q - 2*m. What are the prime factors of (6/4 - 2)/(q/16054)?
349
Let x(t) = 46*t**2 + 2*t - 5. Let n be x(4). What are the prime factors of (2 - (9 - 8))*n?
739
List the prime factors of ((-142792)/2)/(-13) - 9.
5483
Suppose 32*o + 0 = 224. Suppose o*p = 3*p + 12, 3*p + 704 = s. What are the prime factors of s?
23, 31
Let p = 10 - -28. Let m be 48/22 - p/209. Suppose -3*w - m*i - i = -15, -w + i + 11 = 0. List the prime factors of w.
2
Let m(g) = 659*g**2 + 92*g - 287. What are the prime factors of m(3)?
2, 5, 37
Suppose 112*y + 146*y = 6961614. What are the prime factors of y?
11, 223
Let b(z) = -2*z**3 - 4*z**2 + 16*z + 20. Let j be b(6). Let s = 120 - j. What are the prime factors of s?
2, 5, 29
Suppose -2*i + 12 = g, -i - g + 12 = -2*g. Let j = -18 - i. List the prime factors of 5 + j*9/(-1).
239
Suppose -2*s = -0*s. Suppose s = -6*d + 2*d - 16, 12 = -k + 2*d. Let h = k - -54. What are the prime factors of h?
2, 17
Suppose 0 = d + p - 4, 0*d - 8 = -3*d - p. Let a(r) = r + 2 - 7*r - 7 - 3*r**d + 9*r**2. What are the prime factors of a(5)?
5, 23
Let n(j) = -j**3 - 3*j**2 - j - 1. Let q be n(-3). Let r(y) = -11*y + 7. Let t be r(-13). List the prime factors of q/6 - t/(-9).
17
What are the prime factors of 10*2789*-4*(-8)/64?
5, 2789